. Determine k(5).
16
Let o(a) = -2*a**3 + 13*a**2 - 44*a + 15. Let k(u) = u**3 - 12*u**2 + 25*u - 14. Let j(d) = 3*k(d) + 2*o(d). Give j(-8).
-36
Let g(l) be the second derivative of l**4/12 + 3*l**3/2 + 5*l**2/2 + 33*l + 6. Suppose 26 = -6*r - 22. Give g(r).
-3
Let t(s) be the third derivative of -11*s**6/120 + s**4/8 + s**3/3 + 15*s**2. Let p = 174 + -175. Give t(p).
10
Let z(g) = g**2 + 10*g + 7. Let h(r) = -19*r + 94. Let y be h(5). Let d(n) = n - 2. Let q(x) = y*z(x) + d(x). Calculate q(-7).
5
Let w(x) = x**3 - 15*x**2 + 15*x - 15. Let z(o) = -29 + 12*o + 2*o**3 + 19 - 3*o**3 - 7*o**2 + o**2 - 8. Let d be z(-8). Give w(d).
-1
Let b(x) = -x - 14. Let a(q) = -2 + 2 + q + 3 - 1. Let f(j) = 4*a(j) + b(j). Determine f(5).
9
Let p(r) = 235*r + 1409. Let i be p(-6). Let d(z) = -22*z - 3. What is d(i)?
19
Let o(c) = -7*c - 97. Let i(r) = -3*r + 3. Let b(a) = 3*i(a) + o(a). Give b(-5).
-8
Let c(h) = 103 + 5*h - 61 - 2*h - 46. Let t(b) = b**3 - 17*b**2 + 16*b - 4. Let j be t(16). Give c(j).
-16
Let v be (-43 - -42)/((-3)/6) + 1 + -1. Let m(w) = -8*w + 22. Calculate m(v).
6
Let a = -18 + -227. Let n = a + 244. Let z(j) = j + 3. Let h(x) = -2*x - 2. Let u(p) = -4*h(p) - 3*z(p). Determine u(n).
-6
Let v(o) = -o**3 + 43*o**2 - 513*o + 1219. Let i be v(23). Let q(b) be the second derivative of b**3/3 + 7*b**2/2 - b. What is q(i)?
7
Let c be 2/(-11) - ((-143)/121 + 7). Let y(h) = -2*h**3 - 16*h**2 - 26*h - 4. What is y(c)?
8
Let b(d) = -4*d - 3. Let p(w) = 6*w + 4. Let k(r) = 4*b(r) + 3*p(r). Let g(n) = -13*n - 4. Let i(t) = -g(t) - 6*k(t). Let y = -3 + -1. Calculate i(y).
0
Suppose 0 = 2*m + 3*d - 6*d + 28, 100 = -14*m - 3*d. Let i(t) = t**2 + 6*t - 21. Give i(m).
-5
Suppose 5*c - 9 = 3*g + 21, -4*c - g + 7 = 0. Let l(w) = 7*w**2 - 4*w + w**c + 5 + 3*w - 4. Determine l(-7).
8
Let y(z) = z + 40. Let o be y(-37). Let w(v) = 16*v - 46. Let c be w(o). Let s(u) = 8*u**2. Calculate s(c).
32
Let s(r) be the second derivative of 7*r**3/6 - 17*r. Let o be s(1). Let l(j) be the second derivative of -j**3/6 + 3*j**2/2 + 3*j. What is l(o)?
-4
Let z(p) = -p**2 - 3*p + 12. Let h be z(-5). Let j(t) = 2*t + 1. Let u(y) = 6*y - 5*y + 2 - y + 3*y. Let g(r) = -5*j(r) + 3*u(r). What is g(h)?
-1
Let y(c) = -c**2 + 5*c + 3. Let u be (-189)/56 - 45/72. What is y(u)?
-33
Let b(r) = -46*r - 1209. Let t(x) = 54. Let o(u) = -b(u) - 14*t(u). Calculate o(-10).
-7
Suppose -12 = 2*g - 6*g. Let l(u) = u + 1. Let q(n) = 5*n - 4. Let b(o) = g*l(o) - q(o). Let k be b(4). Let h(w) = 4*w. Calculate h(k).
-4
Let w(v) = -v**2 + 12*v - 15. Let p = -3094 + 3100. Calculate w(p).
21
Let h(g) = g**2 + 37*g + 172. Let m(p) = -p**2 - 20*p - 94. Let f(l) = 6*h(l) + 11*m(l). Determine f(-1).
-9
Let i(v) be the first derivative of 9*v**2/2 - 64*v + 31. Let a be i(8). Let m(c) = -c + 5. What is m(a)?
-3
Let h(f) = 24*f**2 - 42*f**2 + 11*f**2 + 2*f**2 - 11*f - 7 + 4*f**2. Let p = -16 + 5. What is h(p)?
-7
Let j be (4/(-14))/1 - 17225/(-1855). Let l(w) = 2*w**2 - 16*w - 7. Determine l(j).
11
Let w(b) = b**2 - b - 11. Let o(j) = 25*j**3 + j**2 - 1. Let v be o(1). Suppose 505*t = 501*t + 16. Suppose 5*x = v, -t*x - 5 = -3*c - 25. Give w(c).
-11
Let k(h) = -h**2 - 5*h - 1. Suppose 3*s - 3*u = 36, 5*s - 5 - 15 = -5*u. Suppose 6*a = -s + 26. Let b be a + (-110)/15 - 4/6. Determine k(b).
-1
Let n(b) = -b**3 + 42*b**2 - 42*b + 29. Suppose 29*x - 10*x = 577 + 202. Determine n(x).
-12
Let c = 2 + 442. Suppose -c = 7*j - 388. Let m(d) = -3*d - 27. What is m(j)?
-3
Let g(a) = 7*a**3 - 9*a**2 + 11*a - 9. Let n(u) = 5*u**3 - 8*u**2 + 10*u - 8. Let t(o) = 2*g(o) - 3*n(o). Calculate t(5).
-9
Let y(t) = -t + 11. Let l(n) = 4*n**2 - 21*n + 14. Let b(w) = 21*w**2 - 106*w + 71. Let f(c) = 2*b(c) - 11*l(c). Let j be f(8). Determine y(j).
-1
Let z(k) = k**2 + 6*k - 7. Suppose -6*t + 4*t - 3*x + 13 = 0, 5*x = -5*t + 30. Suppose d + 8 = t*q, -43*d + 16 = -45*d - 4*q. What is z(d)?
9
Let t(k) be the third derivative of 1/3*k**3 + 0 + 0*k + 1/6*k**4 + 4*k**2. Let n(i) = -10*i - 34. Let b be n(-4). Calculate t(b).
26
Let t(c) = -c**2 + 11*c + 396. Let j be 14/203 + 0 - 13/((-754)/1504). What is t(j)?
6
Suppose 0 = 14*r - 1060 + 920. Let t(i) = -2*i**2 + 20*i - 10. Determine t(r).
-10
Suppose -62 = 3*r - w, 2*r + w + 1688 = 1650. Let b(x) = -2*x**3 - 20*x**2. Let c(d) = -d**3 - 1. Let t(n) = -b(n) + c(n). Give t(r).
-1
Suppose -j + 15 = 3*w, -3*w = -5*j - w + 7. Let m(n) = 8*n + 14*n + j - 3*n**2 + 10*n + 7*n - 2*n**3 - 42*n. What is m(-3)?
39
Let y(g) = -2*g**3 - 21*g**2 + 11*g + 8. Let j = -1667 - -1656. What is y(j)?
8
Let f(w) = w**2 + 8*w - 264 + 4*w**2 - 4*w**2 + 234 + 0*w**2. What is f(-10)?
-10
Let y(h) = -h**2 - 3*h - 5. Let t(r) = -r**2 - 2*r - 4. Let v(p) = -3*t(p) + 2*y(p). Let s(q) = 3*q + 6. Let g(d) = s(d) - v(d). What is g(3)?
4
Let x(s) = -5*s. Suppose -30 - 10 = -5*i. Suppose -219*h + 6 = -216*h. Suppose i*o = 6*o - h. Determine x(o).
5
Let q(h) be the third derivative of 3*h**4/4 - 161*h**3/6 + 2*h**2 - 46*h + 2. Determine q(9).
1
Let l(n) = -n**3 - 15*n**2 - 15*n + 41. Let a be l(-14). Let x(g) = a + 5*g - 159 + 46 + 56. Suppose -6 - 2 = -2*m. Calculate x(m).
18
Suppose -5*t + 359 = -2*s, 0*s - 5*s - 911 = t. Let k = s + 184. Let r(h) = -2*h + 0*h + 9*h. Determine r(k).
14
Let l(s) = 10*s**3 + s**2 + s - 1. Let c = 150 + -152. Let b be (c/3)/1 + (-10)/(-6). Give l(b).
11
Suppose 0 = -4*w + 2 + 2. Let j(b) = -1 - 4 + 60*b - 9189*b**3 - 58*b + 4 + 9222*b**3. Determine j(w).
34
Let k(d) = -4*d**2 + 6*d + 2. Let u(v) be the third derivative of v**5/12 - 3*v**4/8 - v**3/2 + 171*v**2 - 1. Let h(t) = 4*k(t) + 3*u(t). What is h(-3)?
-1
Let m be (0 - 3/3) + 50/5. Suppose 3 = -4*n - m. Let l(h) be the first derivative of -2*h**3/3 + 3*h**2/2 + 2*h - 131. Give l(n).
-25
Let s(n) = 28 - 7*n - 23 - 15 - n + 3*n. Calculate s(-7).
25
Let t(a) = -36*a**2 + 53*a + 14. Let n(w) = 7*w**2 - 10*w - 3. Let p(d) = 11*n(d) + 2*t(d). Give p(-2).
23
Let o(b) = -19*b**2 - 133*b - 19*b**2 + 131*b + 45*b**2 - 11 + 1. Give o(-2).
22
Let v(u) = -u**2 - u + 6. Let o(k) = -2*k**2 - 12*k + 22. Let z be o(-7). Let i be -1 - (1/(-4) - 6/z). Calculate v(i).
6
Let i(r) = -2*r**3 + r**2 + 9*r + 6. Let k(h) = -h**3 + h**2 + 5*h + 3. Let j(q) = 3*i(q) - 5*k(q). Let l be 4*(-4 + 40/16). Let g be 18/l - (-7)/7. Give j(g).
-1
Let j(r) = r**3 + 4*r**2 + 10*r + 13. Let o be j(-2). Let s be 7*(1 + (o - 1)). Let b(w) = -w**3 + 8*w**2 - 6*w - 3. Determine b(s).
4
Let p(t) = t**2 + 8*t + 13. Suppose 0 = -4*i - 890 - 58. Let k = 228 + i. What is p(k)?
22
Let z(b) = -2*b**2 - 3*b - 7. Let j(c) = -3*c**2 - 4*c - 8. Let v = 431 + -434. Let p(n) = v*j(n) + 4*z(n). Calculate p(-2).
0
Let v = 85 - 82. Let b(q) = 3*q**2 + 4*q**2 + 18335 + 5*q - 18337 + q**v. Calculate b(-6).
4
Let f(p) = -p - 25. Let a(d) = 2*d + 62. Let c(j) = -5*a(j) - 12*f(j). Let l be c(6). Let z be l/(-11) - 126/33. Let h(w) = -3*w - 6. Determine h(z).
6
Let m(g) = g**3 - 5*g**2 + 4*g - 3. Let a(o) = -2*o. Let j be a(0). Suppose j = 12*l - 3 - 45. What is m(l)?
-3
Let o(v) = -v**2 - 10*v - 1. Suppose -7*s + 3*s = 764. Let w = s - -181. Determine o(w).
-1
Let s(l) = -6*l - 11. Let z(n) = 5*n + 10. Let x(y) = -3*s(y) - 4*z(y). Let f(d) = 7*d + 27. Suppose 3*t = 2*t + 6. Let j(v) = t*f(v) + 22*x(v). Give j(7).
-6
Let s(z) be the first derivative of 7*z**3/3 - z**2/2 + 103. Let r = -71 + 72. Give s(r).
6
Suppose -2*f + 5 = 15. Let u = 532 + -531. Let m(l) = -3 + 241*l**2 - u - 471*l**2 + l**3 + 235*l**2. Determine m(f).
-4
Let s(k) = -k**3 + k**2 + k - 1. Let w = -70 - -71. Let a be 0 - 3 - w - (0 - 2). Give s(a).
9
Let k(a) = -94 - 69*a - 199 - 8*a - 144517*a**2 + 144515*a**2 - 5*a. What is k(-37)?
3
Let y be (16/(-12) - 1)*3. Let g(b) = -b**2 - 6*b + 5. Let m(z) = 3*z - z**2 + 5 + 0*z**2 - 5*z - 4*z. Let r(p) = 2*g(p) - 3*m(p). Calculate r(y).
2
Let r(f) = 2*f**2 - 2*f. Let s(p) = 9*p - 72. Let t be s(8). Suppose t = 76*x - 26*x - 150. What is r(x)?
12
Let u be (3/9)/(-5 + (-452)/(-90)). Let k be -1 + 77/u + (-424)/3180. Let p(r) = -r. Determine p(k).
-4
Let h(p) be the second derivative of -p**4/12 + p**2/2 + 88*p - 8. Suppose 0*m + 4*m = 8. Suppose 2*y + 0 - m = 0. Determine h(y).
0
Suppose -3*g = -5*h + 69, 0 = -3*g - 69*h + 64*h - 9. Let r(t) = 2*t + 27. Calculate r(g).
1
Let c(o) be the f